ded by 13.
5
Calculate the remainder when 5385 is divided by 476.
149
What is the remainder when 78791 is divided by 241?
225
What is the remainder when 8764 is divided by 8679?
85
Calculate the remainder when 2385 is divided by 2248.
137
Calculate the remainder when 14891 is divided by 29.
14
Calculate the remainder when 1566109 is divided by 1860.
1849
What is the remainder when 1380 is divided by 442?
54
What is the remainder when 38015 is divided by 559?
3
Calculate the remainder when 7567 is divided by 2468.
163
Calculate the remainder when 44464 is divided by 64.
48
What is the remainder when 3177 is divided by 820?
717
What is the remainder when 45588 is divided by 90?
48
What is the remainder when 6805 is divided by 139?
133
Calculate the remainder when 244655 is divided by 19.
11
What is the remainder when 32844 is divided by 8129?
328
What is the remainder when 60004 is divided by 395?
359
Calculate the remainder when 251376 is divided by 158.
156
Calculate the remainder when 175724 is divided by 336.
332
Calculate the remainder when 2891 is divided by 465.
101
Calculate the remainder when 136799 is divided by 190.
189
Calculate the remainder when 77354 is divided by 469.
438
What is the remainder when 160079 is divided by 428?
7
Calculate the remainder when 33532 is divided by 1397.
4
Calculate the remainder when 3595 is divided by 1627.
341
What is the remainder when 8349 is divided by 1039?
37
What is the remainder when 1871 is divided by 236?
219
Calculate the remainder when 3573 is divided by 1440.
693
Calculate the remainder when 521261 is divided by 121.
114
Calculate the remainder when 21243 is divided by 25.
18
What is the remainder when 6927 is divided by 174?
141
What is the remainder when 292731 is divided by 26610?
21
Calculate the remainder when 26694 is divided by 1213.
8
Calculate the remainder when 11231 is divided by 5564.
103
Calculate the remainder when 4879 is divided by 8.
7
What is the remainder when 644943 is divided by 26?
13
What is the remainder when 251987 is divided by 19?
9
Calculate the remainder when 17879 is divided by 1293.
1070
What is the remainder when 1777 is divided by 202?
161
What is the remainder when 2015153 is divided by 572?
569
Calculate the remainder when 603486 is divided by 264.
246
What is the remainder when 2501 is divided by 594?
125
Calculate the remainder when 619623 is divided by 156.
147
Calculate the remainder when 8407 is divided by 468.
451
What is the remainder when 101491 is divided by 189?
187
What is the remainder when 459 is divided by 104?
43
Calculate the remainder when 998 is divided by 948.
50
What is the remainder when 3116 is divided by 24?
20
Calculate the remainder when 1241 is divided by 480.
281
Calculate the remainder when 1509 is divided by 708.
93
What is the remainder when 197059 is divided by 86?
33
What is the remainder when 34839 is divided by 536?
535
Calculate the remainder when 1457 is divided by 655.
147
What is the remainder when 13892 is divided by 1747?
1663
What is the remainder when 455512 is divided by 392?
8
Calculate the remainder when 1357 is divided by 446.
19
Calculate the remainder when 47631 is divided by 15876.
3
Calculate the remainder when 8568 is divided by 8.
0
What is the remainder when 1896 is divided by 1871?
25
Calculate the remainder when 5407 is divided by 1347.
19
What is the remainder when 1285 is divided by 274?
189
Calculate the remainder when 16883 is divided by 3368.
43
Calculate the remainder when 22714 is divided by 80.
74
What is the remainder when 12609 is divided by 525?
9
What is the remainder when 33801 is divided by 56?
33
Calculate the remainder when 33178 is divided by 43.
25
What is the remainder when 21418 is divided by 3567?
16
Calculate the remainder when 46206 is divided by 32.
30
Calculate the remainder when 61289 is divided by 21.
11
Calculate the remainder when 75911 is divided by 82.
61
Calculate the remainder when 72304 is divided by 73.
34
What is the remainder when 56792 is divided by 74?
34
What is the remainder when 46312 is divided by 166?
164
Calculate the remainder when 24011 is divided by 116.
115
Calculate the remainder when 6614 is divided by 932.
90
Calculate the remainder when 843 is divided by 44.
7
What is the remainder when 65703 is divided by 1877?
8
Calculate the remainder when 2199 is divided by 55.
54
Calculate the remainder when 3731 is divided by 11.
2
What is the remainder when 10976 is divided by 2195?
1
Calculate the remainder when 1672 is divided by 411.
28
What is the remainder when 49586 is divided by 9917?
1
Calculate the remainder when 386234 is divided by 42914.
8
Calculate the remainder when 5311 is divided by 50.
11
What is the remainder when 399932 is divided by 96?
92
Calculate the remainder when 13430 is divided by 8.
6
What is the remainder when 12323 is divided by 4095?
38
What is the remainder when 247580 is divided by 82490?
110
What is the remainder when 66358 is divided by 140?
138
Calculate the remainder when 6236 is divided by 671.
197
Calculate the remainder when 7704 is divided by 648.
576
What is the remainder when 6671 is divided by 80?
31
Calculate the remainder when 19876 is divided by 207.
4
What is the remainder when 1628 is divided by 636?
356
Calculate the remainder when 34347 is divided by 5723.
9
What is the remainder when 176614 is divided by 5697?
7
What is the remainder when 17134 is divided by 36?
34
What is the remainder when 12553 is divided by 12530?
23
Calculate the remainder when 2325 is divided by 65.
50
Calculate the remainder when 2851 is divided by 1327.
197
Calculate the remainder when 1480 is divided by 145.
30
What is the remainder when 1120 is divided by 30?
10
What is the remainder when 209737 is divided by 86?
69
Calculate the remainder when 86520 is divided by 386.
56
What is the remainder when 151601 is divided by 282?
167
What is the remainder when 37283 is divided by 12421?
20
What is the remainder when 5630 is divided by 326?
88
What is the remainder when 1543 is divided by 60?
43
What is the remainder when 75766 is divided by 95?
51
Calculate the remainder when 6845 is divided by 171.
5
Calculate the remainder when 1809 is divided by 1735.
74
What is the remainder when 76889 is divided by 30?
29
What is the remainder when 1895 is divided by 439?
139
Calculate the remainder when 37663 is divided by 281.
9
What is the remainder when 8495 is divided by 1394?
131
Calculate the remainder when 3104 is divided by 175.
129
What is the remainder when 8873035 is divided by 9?
7
Calculate the remainder when 310957 is divided by 34.
27
What is the remainder when 1364995 is divided by 195?
190
Calculate the remainder when 86 is divided by 30.
26
Calculate the remainder when 1600 is divided by 1564.
36
Calculate the remainder when 91806 is divided by 22945.
26
What is the remainder when 89114 is divided by 61?
54
Calculate the remainder when 894907 is divided by 1416.
1411
What is the remainder when 595 is divided by 137?
47
Calculate the remainder when 1747 is divided by 17.
13
What is the remainder when 180066 is divided by 5144?
26
Calculate the remainder when 1168 is divided by 133.
104
Calculate the remainder when 276736 is divided by 28.
12
Calculate the remainder when 21410 is divided by 42.
32
What is the remainder when 18861 is divided by 132?
117
Calculate the remainder when 355196 is divided by 86.
16
Calculate the remainder when 1515 is divided by 426.
237
Calculate the remainder when 25830 is divided by 6453.
18
Calculate the remainder when 2237578 is divided by 18.
16
Calculate the remainder when 2259 is divided by 43.
23
Calculate the remainder when 1444297 is divided by 220.
217
Calculate the remainder when 3586 is divided by 1171.
73
What is the remainder when 1574 is divided by 58?
8
What is the remainder when 6913 is divided by 1382?
3
Calculate the remainder when 422345 is divided by 21.
14
Calculate the remainder when 21575 is divided by 407.
4
What is the remainder when 34309 is divided by 49?
9
Calculate the remainder when 195114 is divided by 65025.
39
What is the remainder when 3057 is divided by 505?
27
Calculate the remainder when 15991 is divided by 1142.
3
Calculate the remainder when 44258 is divided b